et r(h) = h**2 + 365*h**3 + 28*h**2 - 7*h**2 - 364*h**3 + 22*h - 32. What are the prime factors of r(-20)?
2, 41
What are the prime factors of (4/12)/(37/5979570)?
2, 5, 5387
Let u(b) = 624*b**2 + 133*b - 545. List the prime factors of u(4).
13, 59
Let x = 945 - 598. Let l(o) = -o + 12. Let s be l(7). Suppose 339 = 3*i + a - 4*a, -3*i + s*a = -x. What are the prime factors of i?
109
Let f = 368 - 365. Suppose -183 = -3*b - f*z, 9*z = 8*z - 5. List the prime factors of b.
2, 3, 11
What are the prime factors of 10895 + 1*(1/4 + (-2)/8)?
5, 2179
List the prime factors of ((-2622)/(-135) - (-36)/(-162))*(2 + 343).
2, 3, 23
Let t = 997 + -2391. Let j = -279 - t. What are the prime factors of j?
5, 223
Let o = -40 + 421. Suppose -4*s + 916 = -3*t, -5*t - o = -4*s + 535. What are the prime factors of s?
229
Suppose 0*x - 2*x + 4*u - 16 = 0, 0 = -3*x - u - 38. Let o(j) = j**2 + 11*j + 14. Let a be o(x). Let l = 57 - a. What are the prime factors of l?
31
Let v be (-1)/(-1*(-9 - -3 - -5)). Let q(o) = -123*o + 23. What are the prime factors of q(v)?
2, 73
Let p(f) = f**2 - 3*f - 6. Let h be p(5). Suppose -4*j + h = t - 7, 0 = 5*j + 2*t - 16. Let l = j - -19. What are the prime factors of l?
3, 7
Let g = 83 - 63. Let k be 9/((-9)/g) + -3. Let j = 25 + k. List the prime factors of j.
2
Let a be (3081/52)/((-3)/(-56)). Suppose -a - 342 = -2*n. What are the prime factors of n?
2, 181
Suppose 2*i - 34 = -32, -5*w + 12868 = 3*i. List the prime factors of w.
31, 83
Suppose 351351 = 52*c + 11*c. List the prime factors of c.
3, 11, 13
Suppose -54435 = -93*h + 76883 + 138475. List the prime factors of h.
3, 967
Suppose -26*z = -20*z - 2274. What are the prime factors of z?
379
Let z = -7782 + 14651. What are the prime factors of z?
6869
Let x be 2/((32/318)/(-8))*5. Let a = -476 - x. What are the prime factors of a?
11, 29
Let n(j) = 33*j**2 - 308*j + 156. What are the prime factors of n(51)?
3, 19, 137
Suppose 0 = 22*z - 3*z. Suppose 2072 = 3*d + 3*k + 155, z = -5*d + k + 3207. What are the prime factors of d?
641
Suppose a = o - 9, o - 5*a = -2*o + 21. Let k(m) be the second derivative of m**4/4 - 14*m**3/3 - 7*m**2 + 33*m - 2. What are the prime factors of k(o)?
2, 41
Let a be 87/((-27)/288*-8). Suppose -5*f = 4*j - a, -20*f - 36 = -21*f - 4*j. What are the prime factors of f?
2, 5
Suppose -772*j + 30254 = 5*r - 768*j, -4*r + 24204 = 3*j. What are the prime factors of r?
2, 3, 1009
Let d be (-3)/(-6)*-298 + (4 - 4). Let n = d - -250. Let x = 230 - n. List the prime factors of x.
3, 43
Let i(s) = -s**2 + 10*s - 11. Let l be i(8). Let p = 43 + l. Suppose -25 = 3*j - 10, 4*g + 4*j = p. List the prime factors of g.
17
Let i = -262 + 596. Let n = i + -263. List the prime factors of n.
71
Let o(r) = -8*r + 2*r**2 + 3*r + 4 - r**2 + r. Let n(w) = 4*w**2 - 13*w + 11. Let k(h) = 2*n(h) - 7*o(h). What are the prime factors of k(5)?
29
Suppose 5*a - 8*a - 9 = 0. Let k = -1 - -1. Let z = k - a. List the prime factors of z.
3
Let r(b) = -b**3 + 4*b**2 + 8*b - 10. Let a be r(5). Let s(y) = 4*y**3 + 6*y**2 + y - 33. What are the prime factors of s(a)?
2, 311
Suppose -11*u + 4*u = -27405. List the prime factors of u.
3, 5, 29
Let b = -101664 + 65487. List the prime factors of b/(-31) + (-1 - -2).
2, 73
Suppose 5*v - v - i - 7 = 0, -5*v = -2*i - 11. Let p(t) = 35*t - 3. Let l be p(v). Suppose 5*s = 63 + l. What are the prime factors of s?
19
Let s(f) = -f**2 - 10*f - 9. Suppose 0 = -2*c + 10, -c = 2*n - 0*c - 45. Suppose 18*k - n = 22*k. What are the prime factors of s(k)?
2
Suppose 159 - 155 = z. Suppose -18 = -3*v + 3*p, 10 = -p - z*p. Suppose 0 = -2*j + n + 353, 5*j - 537 = 2*j + v*n. What are the prime factors of j?
5, 7
Let s(k) = -1464*k + 1694. What are the prime factors of s(-6)?
2, 13, 31
Let k(c) = 38*c**2 - 22*c - 7. Let f(r) = 39*r**2 - 23*r - 8. Let t(o) = -4*f(o) + 5*k(o). What are the prime factors of t(-5)?
937
Let x = -70 - -72. Suppose x*w + 0*q + 17 = 5*q, 3*q - 11 = 2*w. What are the prime factors of 5/w + 6 + 156?
157
Suppose 0 = 26*v - 13*v - 325. Let h(s) = s**3 - 23*s**2 - 29*s + 2. List the prime factors of h(v).
17, 31
List the prime factors of (114420/(-21))/((-4 - 3) + 282/42).
2, 5, 1907
Let r = -80 - -78. Let w(l) = 129*l - 13. Let a be w(r). Let y = -190 - a. List the prime factors of y.
3
Suppose 15*k - 115098 - 223707 = 0. List the prime factors of k.
3, 7529
Let m = -3796 + 10721. List the prime factors of m.
5, 277
Suppose 28*c = 2994 + 198. Let x = 158 + c. What are the prime factors of x?
2, 17
Suppose 2*f - l = 16003, -16*f - 8018 = -17*f - 5*l. List the prime factors of f.
53, 151
Let p(v) = -56*v + 848. Let n be p(15). Let w(k) = -k**3 - 5*k**2 + 2. Let y be w(-5). Suppose -70 = -y*c + n. List the prime factors of c.
3, 13
Suppose -8*c - 50 = -13*c. Suppose -l = c*l - 2519. Suppose -1 + l = 2*u. List the prime factors of u.
2, 3, 19
Suppose 0 = 2*z - 9 - 1. Let s be (-1*4)/(z/20). Let m = 89 + s. What are the prime factors of m?
73
Let d = 19 + -17. Let f(p) = -p**3 + p**2 + 1. Let o be f(d). Let z(s) = -3*s**3 - 3*s**2 + s + 16. List the prime factors of z(o).
67
Let z(v) = -198*v - 33. Let x be z(-27). Suppose 45*h - 34*h - x = 0. What are the prime factors of h?
3, 7, 23
Suppose t - 108 = -17*t. What are the prime factors of ((-21032)/(-33))/(4/t)?
2, 239
Suppose 7 = -6*o + 1. Let h be 0/(4/2*o). Suppose h = -2*c - 5*c + 581. List the prime factors of c.
83
Let q = -5704 - -25807. List the prime factors of q.
3, 6701
Let o(y) = -1231*y + 698. List the prime factors of o(-7).
3, 5, 23
Suppose -2*s = -3*s - 6*s. Suppose s = 122*d - 125*d + 579. List the prime factors of d.
193
Suppose -5*t - 26 = -q, -18 = -2*q - q + 3*t. Suppose q = -3*d - 2. What are the prime factors of d + 74*-1*3/(-6)?
2, 3
Let t(v) = -14*v - 118. Let b be t(-5). Suppose -3*z + 169 = -65. Let k = z + b. List the prime factors of k.
2, 3, 5
Let r(b) = -5*b**3 + 9*b**2 + 229*b + 61. What are the prime factors of r(-16)?
19181
Suppose 0 = -4*h - 12, -5*c - 4962*h + 4959*h = -339481. List the prime factors of c.
2, 17, 1997
Let n(h) = 7*h**3 + 16*h**2 - 70*h + 6. List the prime factors of n(6).
2, 3, 31
What are the prime factors of ((-216)/28)/((-63)/150234)?
2, 3, 7, 73
List the prime factors of (-20339826)/(-507) - (-10 - 0).
2, 3, 11, 19
Let t be 9 + 5 - (-10)/(-1 - -3). Suppose -t*q - 1834 = -7287. List the prime factors of q.
7, 41
Let t = -120233 + 188513. What are the prime factors of t?
2, 3, 5, 569
Suppose 50 = b + 4*b. Suppose -11*u + b*u = -396. List the prime factors of u.
2, 3, 11
Suppose 3*n = -4*p + 9720, -2*n + 6481 = 14*p - 11*p. Suppose -n - 845 = -7*k. List the prime factors of k.
11, 53
Let z(b) be the first derivative of b**3/3 - 2*b**2 - 14*b + 5. Let w be z(6). List the prime factors of (-1 - 23/5)/(w/15).
2, 3, 7
Let s(r) = 16*r**2 - 33*r - 78. What are the prime factors of s(8)?
2, 11, 31
Let d(t) = -t**2 - 22*t - 14. Let u be d(-17). Let x = 108 - u. Let b = 73 - x. What are the prime factors of b?
2, 3
Suppose 0 = 27*l + 219 - 1299. List the prime factors of (l/(-12) + 4 - 0)*285.
2, 5, 19
Let t(m) = 20*m**2 - 15*m - 138. What are the prime factors of t(24)?
2, 3, 11, 167
Suppose 89*c - 525809 - 722270 = 565118. What are the prime factors of c?
3, 6791
Suppose -j - 11*j = j - 14248. List the prime factors of j.
2, 137
Suppose -8*u = -11*u + 174. Let m = u - 35. Suppose -4*d = -2*g + 139 - m, 128 = 2*g + 2*d. List the prime factors of g.
2, 31
Let o = -7 - -12. Suppose -4*v - 1 = 5*c - 3, 0 = -5*v + o*c + 25. Suppose -5*j = 25, 2*a - 4*a + v*j + 123 = 0. List the prime factors of a.
2, 3
Let u = -1 + 0. Let y(d) = -d + 2. Let n(f) = -131*f**3 + 2*f**2 - 10. Let q(g) = n(g) + 3*y(g). What are the prime factors of q(u)?
2, 3, 11
Let d(f) = 6364*f - 6385. List the prime factors of d(5).
5, 5087
List the prime factors of (-38)/3*-174 + 96/(-8).
2, 137
Suppose 16*z = 4*q + 11*z - 77252, 77252 = 4*q + 3*z. What are the prime factors of q?
7, 31, 89
Let u(t) = 262*t + 3342. List the prime factors of u(0).
2, 3, 557
Let m(y) = -3*y**2 + 25*y - 3. Let i be m(4). Let l be (-27)/(-6)*(-40)/(-3). Let x = l - i. List the prime factors of x.
11
Suppose 3*m + 4*l = 1571, 0 = 5*m + 4*l - 760 - 1861. Let o = 478 + m. What are the prime factors of o?
17, 